s divided by 13?
10
Let v(c) be the second derivative of -c**4/12 + 13*c**3/6 + 9*c**2/2 - 4*c. What is the remainder when v(7) is divided by (810/75)/((-4)/(-10))?
24
Let q = 894 + -878. Calculate the remainder when 61 is divided by q.
13
Suppose -2*s - 3*s - 5*m = -785, -s + 149 = -3*m. Suppose -2*z + z - s = -5*x, -z = -x + 27. What is the remainder when x is divided by (-87)/(-9) - (-6)/(-9)?
5
Suppose 691 + 809 = 10*x. Suppose -4*z = -0*z + u - x, 3*z - 113 = -u. Calculate the remainder when z is divided by (1*-1)/(4/(-52)).
11
Suppose 3*z = 2*z. Suppose z = -2*x + 40 - 14. Calculate the remainder when 49 is divided by x.
10
Let f(j) = 117*j**2 + 3*j + 1. What is the remainder when f(-1) is divided by -1 + 38 + 3 - 1?
37
Suppose -3 = -3*r + 27. What is the remainder when 179 is divided by r?
9
Calculate the remainder when 34 is divided by (-6)/27 - (-152)/36.
2
Suppose 0 = -12*k + 16*k + 24. Suppose g = -0*g + 58. What is the remainder when g is divided by 10*(k + 4 + 3)?
8
Let i = -189 - -232. Calculate the remainder when i is divided by 23.
20
Suppose -4*f - 118 = -7*f + 2*i, -57 = -2*f - 3*i. Calculate the remainder when 135 is divided by f.
27
Let s(y) = -2*y**2 - 4*y - 10. Let m be s(9). Let j = m - -323. Suppose 0*d = -5*d + 145. What is the remainder when j is divided by d?
28
Let c = 19 - 32. Let b = 460 - 452. Calculate the remainder when (3 + c)*3/(-2) is divided by b.
7
Suppose 20*t = 593 - 373. Let b(a) = 11*a - 2. Let y be 1 - 1/(-1) - -2. Calculate the remainder when b(y) is divided by t.
9
Suppose 2*z - 5*u = -38 - 5, z + u = -39. Let i be (154/(-4))/(17/z). Let t = i + -38. What is the remainder when t is divided by 10?
9
Let n(r) = -13*r - 245. What is the remainder when n(-22) is divided by 21?
20
Suppose -9 - 8 = -4*p + 5*m, 0 = -2*p - 4*m + 2. Let o = -102 + 184. Calculate the remainder when o is divided by (-7)/(-1)*9/p.
19
Suppose 3*u - 36 = -0*u. Let g = -5 + 5. What is the remainder when 1 + 20 + 2 + g is divided by u?
11
Suppose 111 + 177 = 2*j. Suppose -5*l = -l - j. Calculate the remainder when 106 is divided by l.
34
Let s = 458 + -427. Suppose -3*v + 3 = -0*v - 2*i, 5*v = -5*i - 20. What is the remainder when 60 - (v - 0 - -2) is divided by s?
28
Let h(p) = -p**3 + 5*p**2 - 3*p + 5. Let o = -391 - -407. What is the remainder when o is divided by h(4)?
7
Calculate the remainder when 134 is divided by 1/(20/(-170) + (-115)/(-833)).
36
Suppose -2*v + 99 - 67 = 0. Let i = -11 + -32. Let r = i + 72. What is the remainder when r is divided by v?
13
Suppose 9*p - 27 = -0*p. Suppose 0 = 4*j + 4*z - 48, -2*j = -p*z - z - 24. Calculate the remainder when j is divided by 4.
0
Let f(m) = 12*m**2 - m + 2. Calculate the remainder when 46 is divided by f(1).
7
Suppose 13*z - 40 = 11*z. Calculate the remainder when 25 is divided by z.
5
Suppose 4*d = 4*l + 112, -d - 6*l + 28 = -16*l. Let f(b) = -3*b + 2 + b**2 - 4*b**2 + 6*b**2. Calculate the remainder when d is divided by f(2).
4
Let b = 294 - 287. What is the remainder when 84 is divided by b?
0
Suppose 8*c - 696 = 5*c. What is the remainder when c is divided by 61?
49
Let m = 236 + -164. Let h = 78 - m. Calculate the remainder when 19 is divided by h.
1
Suppose 7*v - 3*v - 12 = 0. Suppose -m = -2*m + v. Calculate the remainder when -2 - -1 - (-63)/m is divided by 11.
9
Let j(w) = -77*w - 336. Calculate the remainder when j(-17) is divided by 15.
13
Suppose -3*l + 5 = -1. Suppose 4*j - 3*m + 4 = 38, 0 = -5*m + 10. What is the remainder when (-1 - -5) + 30/l is divided by j?
9
Let j = -11 - -22. What is the remainder when ((-281)/14 - (-804)/1407)*-2 is divided by j?
6
Suppose -36 = 3*l - 162. Let b = -79 - -154. Let o = b + -53. What is the remainder when l is divided by o?
20
Let b(h) = -h**2 - 4*h + 6. Let m(z) = z**2 + 4*z - 7. Let f(i) = -3*b(i) - 2*m(i). Suppose -3*r = -2*r - 46. What is the remainder when r is divided by f(-6)?
6
Let u(r) = r**2 + 1. Let f(b) = 4*b**2 - 11*b - 4. Let c(a) = f(a) - 3*u(a). What is the remainder when 138 is divided by c(14)?
33
Suppose 14*u + 39 = 137. Calculate the remainder when 25 is divided by u.
4
Let y(x) = x**3 - x**2. Let h(m) = 3*m**3 - 3*m**2 - 60. Let w(q) = -h(q) + 4*y(q). Calculate the remainder when w(0) is divided by 21.
18
Let c = -222 - -252. What is the remainder when 479 is divided by c?
29
Suppose 5*w = -7*w + 60. What is the remainder when (1 + 1 - 2) + 48 is divided by (-1)/(2*w/(-170))?
14
Let m = -126 - -135. Calculate the remainder when 464 is divided by m.
5
Let i(t) = -18*t**2 + 2 + 6*t - t**3 + 0*t**3 + 11*t**2. Calculate the remainder when i(-9) is divided by (14/(-3))/(4/(-24)).
26
Let z(h) = h**2 + 12*h + 15. Let d be z(-11). Let y be (-58 - -4)/(-3) + d. Suppose 8*a - y = 6*a. Calculate the remainder when 21 is divided by a.
10
Let h(d) = -2*d + 5. Let s(n) = 3*n**3 + n**2 + n - 2. Let t be s(2). Calculate the remainder when 1660/t + (-2)/7 is divided by h(-5).
14
Suppose 0 = -5*h - 0*t + 4*t + 99, 2*h + 5*t = 66. What is the remainder when 93 is divided by h?
1
Suppose 4*z = 3*g - 388, -3*z - 147 = 5*g - 784. Let x(t) = 2*t**2 - 3*t - 1. Calculate the remainder when g is divided by x(-4).
42
Let d be ((-2)/(-4))/((-1)/(-132)). Suppose 0 = 3*z + 27 - d. Calculate the remainder when -1 + 42 - (-36 - -39) is divided by z.
12
Let b = 652 - 482. What is the remainder when b is divided by 23?
9
Let g(r) = r + 26. Let p be g(-14). Let u = -6 - -13. Let b = p - u. What is the remainder when b is divided by 4?
1
Let v = 6 + 2. Let j(w) = 57*w - 337. Calculate the remainder when v is divided by j(6).
3
Let h(a) = -a**3 + 8*a**2 - 2*a - 3. Let p = -1235 - -1255. What is the remainder when h(6) is divided by p?
17
Let r = -453 - -476. Calculate the remainder when r is divided by 17.
6
Suppose 52*s + 21 = 55*s. What is the remainder when 27 is divided by s?
6
Suppose 2 = b + 6. Calculate the remainder when 75 is divided by b*4/((-80)/65).
10
Let o(l) = 3*l**3 + 19*l**2 + 2. Let t be o(-7). Let k = t - -103. Calculate the remainder when 34 is divided by k.
6
Let v be (12/(-10))/((-14)/35). Suppose 0*u + v = u. Suppose -70 - 26 = -u*x. What is the remainder when x is divided by 11?
10
Suppose -3*f + 98 = 3*k + 2*f, -5*k - 5*f + 180 = 0. What is the remainder when 122 is divided by k?
40
Let d(n) = n**3 + 5*n**2 - 8. Let s(w) = -w + 1. Let a be s(-3). Calculate the remainder when 41/3 - a/(-12) is divided by d(-4).
6
Suppose -j = n + 2*j - 4, 2*n - 8 = -j. What is the remainder when 111 is divided by n?
3
Let k be ((-8)/6)/((-28)/(-5754)). What is the remainder when k*3/18*-3 is divided by 14?
11
Let c = -7 + 16. Let r(b) = -88*b. What is the remainder when r(-1) is divided by c?
7
Let u = 21 - 29. Let y be ((-22)/(-8))/(2/u). Let g = -5 - y. What is the remainder when g is divided by 2?
0
Suppose 2*x = 74 + 20. Suppose -5*f = -0*f - 10. Suppose 0*q + 46 = 3*k + f*q, 65 = 4*k - q. What is the remainder when x is divided by k?
15
Calculate the remainder when -1 + 16 + -1 + 1 is divided by 12.
3
Suppose 0*q - q + 22 = 0. Let k be -20 + 17 + (-5)/2*-2. Suppose 10 = 2*l - 2*i, 17 = k*l + 3*i + 2. What is the remainder when q is divided by l?
4
Suppose -4*c + 100 = -4*o, 208 = 3*c - o + 127. Calculate the remainder when 278 is divided by c.
26
Let g(u) = -3*u**3 - 7*u + 2. Let k(d) = 7*d**3 - d**2 + 15*d - 4. Let j(q) = -9*g(q) - 4*k(q). Calculate the remainder when 62 is divided by j(3).
14
Let a = -288 - -910. What is the remainder when a is divided by 48?
46
Suppose 0 = 2*u + 2*u. Let l = -55 + 58. Suppose y - l = -u. Calculate the remainder when 11 is divided by y.
2
Let g = 291 + -266. Calculate the remainder when g is divided by 13.
12
Let w(d) = -40*d - 100. What is the remainder when 38 is divided by w(-3)?
18
Let o = -309 - -334. What is the remainder when 220 is divided by o?
20
What is the remainder when (-2)/17 + (-5195)/(-85) + 7 is divided by 55?
13
Let h = -7 - -18. Let b(r) = 11*r**2 - 2*r - 7. Let n(f) = 17*f**2 - 3*f - 10. Let w(d) = -7*b(d) + 5*n(d). What is the remainder when w(2) is divided by h?
7
Suppose -214*m - 94 = -215*m. What is the remainder when 939 is divided by m?
93
Let b = 143 - -11. Suppose -5*q = 5 - 0, -4*q = -5*n + b. What is the remainder when n is divided by 8?
6
Let c(u) = -u - 7